2 - 48. Calculate z(f).
4
Let z(s) = 7*s**2 + 4 - 94*s - 77*s + s**3 + 178*s. Let o be 0 + -7 + 0 + 2. What is z(o)?
19
Let k(d) = d**3 - 2*d**2 - d - 2. Let a(y) = -y**3 + 2*y**2 + y + 1. Let q(c) = -2*a(c) - 3*k(c). Determine q(3).
-2
Suppose 19 = 3*k + 7. Suppose -2*z = -5*i - k*z - 33, -i = 2*z + 5. Let c(j) be the first derivative of j**2/2 + 6*j + 15. Give c(i).
-1
Let u(c) = -c**3 - 5 + 4 - 4*c + 0*c**2 - 5*c**2. Let p(g) = 2*g + 113 + g - 102. Let t be p(-5). What is u(t)?
-1
Let v(k) = -19*k + 3. Let r(x) = -1 + 10*x - 2 + 1. Suppose -2*g = 3*q - 1, q - 12 = -8*g + 5*g. Let j(h) = g*r(h) + 3*v(h). Determine j(1).
-8
Let r(c) be the third derivative of 0*c - 5/3*c**3 - 8*c**2 + 0 - 1/24*c**4. What is r(-7)?
-3
Let o(u) = -u - 2. Suppose 0 = -0*f - 4*f. Suppose -3*q = -l + 18, 0 = -f*l + 2*l - 5*q - 35. Suppose -r = -6*r + l. Give o(r).
-5
Let f(o) = o**3 - 5*o**2 - 13*o - 3. Let d be f(7). Let x(m) = -6*m - 6*m + 5*m**2 - 1 + m**3 + 13*m + d. Give x(-4).
15
Let n(w) = 59*w**2 - 38*w**2 + 5 + 7*w - 20*w**2. Suppose 0*q - 12 = -3*q. Suppose 0 = -4*u - 4*l + q, 9*l - 4*l - 33 = 2*u. Give n(u).
-7
Let y(k) = k. Let r be y(-4). Let b(j) = 2*j - j + 16 - 30 + 15. Let x(n) = -3*n - 4. Let g(w) = 7*b(w) + 2*x(w). Give g(r).
-5
Let q be -9 - -3 - (-1 + -10 + 1). Let f(l) be the first derivative of l**2 - 3*l + 1. Calculate f(q).
5
Let u(a) = -11*a**2 - 14*a - 14. Let v(r) = -3*r + 8*r + 4*r**2 + 5 + 0*r. Let s(o) = 3*u(o) + 8*v(o). Calculate s(3).
-17
Let g(y) be the second derivative of y**6/120 + y**5/12 - y**4/24 - y**3/2 - 13*y**2/2 + 2*y + 4. Let p(k) be the first derivative of g(k). Calculate p(-5).
2
Let q = 43 + -39. Let o(v) = q - 3 + 48*v - 53*v + 0. What is o(-1)?
6
Suppose 0 = 3*k - 5*y - 10, -2*k - 2 = -3*k + 3*y. Let a(q) = 2*q**2 - 2*q**3 + k*q + q + q - 4*q. Calculate a(3).
-27
Let u = -123 - -127. Suppose -3*m + u*g = 33, -9*m + 6*m - 9 = 4*g. Let b(o) = 5*o + 9 + 0 - 3*o + o**3 + 7*o**2. Determine b(m).
-5
Let s(q) = 13*q**3 + 15*q**2 + 23*q + 12. Let h(x) = 5*x**3 + 5*x**2 + 8*x + 5. Let m(w) = -8*h(w) + 3*s(w). Give m(6).
-10
Let l(u) = 7*u**2 + u. Let m be l(-1). Suppose -m = -0*j - 3*j. Let z(v) = -3 + 2*v + 4*v + v**j - 9*v - v. Calculate z(5).
2
Let o(x) be the third derivative of 0*x + 0 + 1/24*x**4 - 7*x**2 - 1/6*x**3. Give o(-7).
-8
Let y(s) = -13*s**2 + 1259*s**3 + 1267*s**3 - 2525*s**3 - 13 + 2*s. Determine y(13).
13
Let p be (4/2)/(-2) - 1. Let a be 2/(p + 33/18). Let j = 18 + a. Let w(y) = y**3 - 7*y**2 + 6*y + 7. Give w(j).
7
Let x(l) = -3*l + 12. Let g = -184 + 191. Calculate x(g).
-9
Let t(f) = -f**3 - f**2 - f + 2. Let x = -11 + 17. Suppose 7*a - x = 4*a. Let d be 0/(-1*(-6)/a). What is t(d)?
2
Let p(f) = -f**3 - 9*f**2 + 13*f + 4. Suppose -57*k - 38 - 532 = 0. What is p(k)?
-26
Let v = 19 - 13. Let d(b) = -b**2 - 12*b - 9. Let g be d(-8). Let o(c) = -24*c + g*c - 2 + 0. Determine o(v).
-8
Let l(f) = f**2 + 2626*f - 2636*f + 1 - 3. What is l(10)?
-2
Let u(o) = 335 + 2*o**2 - 104 - 105 - 111 - 24*o. Determine u(11).
-7
Let o(r) = -r**3 - 9*r**2 + 11*r - 11. Let p = 7 + -5. Let m(u) = u - 9*u**2 - 6*u + 5 + 13*u**2. Let y(x) = p*o(x) + 5*m(x). Give y(2).
-11
Let a(l) = -l**2 - 2*l + 6. Let h be a(2). Let f(o) = -2*o**3 + 3*o + 1. Give f(h).
11
Let y(n) = -13*n**3 + 2*n**2 - 2. Suppose -2*h - 1 = -g, 4*g - 21 = g - 3*h. Let d(x) = -6*x**3 + x**2 - 1. Let j(b) = g*d(b) - 3*y(b). Calculate j(-1).
-9
Let w = 19 - 16. Let f(j) = -2*j - 2. Give f(w).
-8
Let l(q) be the third derivative of 11*q**4/24 + 61*q**3/3 + 42*q**2 - 3. What is l(-11)?
1
Let d(z) = 3*z - 18. Let y be d(10). Let t(h) = h - 3 + 3*h - h + y. Calculate t(-6).
-9
Let g(w) = w + 13 - 8 + 8 - 2. Give g(-6).
5
Let v be ((-6)/(-4))/((-24)/(-160)). Let g(o) = o**2 - v*o - 10 + 4 + 4 - 2*o**2. Let d(i) = -2*i**2 - 19*i - 3. Let c(l) = -6*d(l) + 11*g(l). What is c(-5)?
1
Suppose 13*y = -2*y - 30. Let t(g) be the second derivative of -3*g**5/20 + g**3/2 + 3*g**2/2 - 4*g. What is t(y)?
21
Let o = -85 + 25. Let g be 6/4*280/o. Let m(n) = n + 6. Give m(g).
-1
Let z(k) = -k + 3. Suppose 5*j + 4 = 14. Let n(l) = -5*l + 30. Let h be n(6). Suppose h*x = -j*x. What is z(x)?
3
Let g(c) = 19*c - 1. Suppose b + 30 = 32. Give g(b).
37
Let o = -16 + 15. Let t be -2 - -1*(-6)/o. Suppose d + 0*d = -t. Let x(c) = 2*c**2 + 7*c + 5. Give x(d).
9
Let u(w) = 6*w - 4 + 7*w + 3 - 14*w. Let i be u(-4). Let o(m) = m - 4. What is o(i)?
-1
Let y(l) = 1 + 20*l + 0 - 28*l + 9*l. Let j be (-4)/18 - (-114)/27. Suppose 3*t + j = 2*t. Give y(t).
-3
Let q(j) = -8*j**2 + 43*j + 17. Let w(h) = -11*h**2 + 64*h + 26. Let t(g) = -7*q(g) + 5*w(g). What is t(-18)?
-7
Let b = 593 - 590. Let y(w) = w**3 - 3*w**2 + 2*w + 4. Calculate y(b).
10
Let d(y) = 10*y - 33. Let t(z) = 4*z - 16. Let j(s) = 3*d(s) - 7*t(s). Calculate j(-9).
-5
Let d(c) be the second derivative of 1/2*c**3 + 7*c + 0 + 1/2*c**2. Let m(v) = -2*v - 1. Let u(o) = -5*d(o) - 8*m(o). Determine u(-4).
-1
Let q(b) be the second derivative of b**3 + 11*b**2/2 + 2*b - 69. Determine q(-9).
-43
Let x(y) = -4*y - 5. Let a be (-1 + 3 - -2)*(-36)/(-24). What is x(a)?
-29
Let z(m) = 5684*m**2 + 5 + 5681*m**2 - 7*m - 11366*m**2. Determine z(4).
-39
Let s = 568 - 576. Let l(z) = z + 9. Give l(s).
1
Let i(a) be the third derivative of -a**5/60 + 7*a**4/24 - 7*a**3/6 + 92*a**2. Calculate i(6).
-1
Let t = -4 + 11. Let v = -10 + t. Let c(f) = -2*f + 3*f - 3*f. What is c(v)?
6
Let y(v) = -v**3 - 3*v**2 - v - 1. Let d(f) = 5*f**3 + 17*f**2 + 7*f - 3. Let c(s) = d(s) + 6*y(s). Give c(0).
-9
Let j(b) be the third derivative of -7/24*b**4 + 0 + 0*b - b**3 - 1/60*b**5 + 15*b**2. What is j(-6)?
0
Let i(a) be the first derivative of -7*a**2 + 35*a + 8. Let x(n) = -5*n + 12. Let w(c) = 3*i(c) - 8*x(c). Let m = 30 + -24. Calculate w(m).
-3
Suppose -4*g = -0*v + 3*v, -3*g = 3*v. Let k(h) be the second derivative of 0*h**3 - 1/3*h**4 + 0 + v*h**2 + 6*h. Calculate k(-1).
-4
Let r(c) be the third derivative of -c**6/120 - 3*c**5/20 + 5*c**4/12 + 5*c**3/6 + 3*c**2 - 20*c. Give r(-10).
5
Let l(p) = p + 2. Let c(q) = q**3 - q**2 + 4*q - 4. Let b be c(1). Let r be 1*(-1)/(-2)*10. Suppose -2*k + r*k + 9 = b, 5 = h - 4*k. Determine l(h).
-5
Let j(k) = 10*k + 1. Let i(h) = 7*h + 1. Let x(u) = -7*i(u) + 5*j(u). Suppose 0 = 6*c - 3*b + 18, 60*b = -c + 64*b + 11. What is x(c)?
-7
Suppose 2*o - 8 = -f + 2, f = 4*o - 20. Let m = 2 + f. Let s(l) = -l**3 + 10*l + l**m - 8 - 10*l. What is s(0)?
-8
Let c(u) = 4*u**2 - u. Let m(l) = l**2 - 5*l - 11. Let p be m(7). Suppose -f - 4 = p*f + 2*j, 0 = -5*j. Give c(f).
5
Let z(r) = r**2 - 7*r + 7. Let c be z(6). Let p(m) be the second derivative of -7*m**3/6 + m**2/2 + 30*m - 3. What is p(c)?
-6
Suppose 2*c - 35 = -25. Let o(m) = -m + 7. Give o(c).
2
Let d = -6 + 8. Let m(q) = 0*q + d*q - 31 + 29 + q. Give m(-3).
-11
Let z(q) = 10*q + 24. Let h be z(5). Let r = h - 75. Let c(d) be the third derivative of d**6/15 - d**4/12 - d**3/6 - d**2. Give c(r).
-7
Let v(a) = a**3 - 8*a**2 + 6*a + 7. Let k(l) = -3*l**2 - 10*l - 1. Let n be k(-2). Determine v(n).
0
Let j(v) = -2*v + 2 - 3*v + 0*v. Let u(p) = 13*p**2 + 78*p - 2. Let o be u(-6). What is j(o)?
12
Let n(r) = -8*r**2 + 7*r**2 + 65 - 54 + 14*r. Determine n(14).
11
Let h(l) = -3*l**2 + 7*l - 3. Suppose 11*z + 35 = 3*p + 7*z, -p - 5*z = 20. Give h(p).
-43
Let r(m) = 4*m + 18. Let i be 0/(-7 - 1 - -10). Calculate r(i).
18
Let l(r) = r**3 - 4*r**2 - 5*r + 1. Let s(i) = -i**3 + 7*i**2 + 20*i - 13. Let u be s(9). Give l(u).
1
Let p(h) be the second derivative of -h**3/3 - 9*h**2/2 - 19*h. Let j be p(-5). Let g(k) = 2*k**3 + k**2 - k. Give g(j).
2
Let l(o) be the third derivative of -o**5/60 + o**4/8 - 7*o**3/6 - 49*o**2. Calculate l(0).
-7
Let r(y) = -3*y - 1. Suppose -2*n = -3*c - 14, -c + 23 = 3*n - 6*c. Give r(n).
-4
Let r(p) = 2*p**2 + p - 1. Suppose 4*y + h = 34, 3*y + 1 = -h + 26. Suppose -v = 2*z - 2*v + y, z = -v + 3. Determine r(z).
5
Suppose 2*h + 2*h = 0. Let d(g) = h - 2 - g - 2 + 5. Calculate d(4).
-3
Let p(f) = 332 + f**2 + 3*f + f**2 + f**3 - 329. Calculate p(-2).
-3
Let j(h) = 18*h**2 - h + 1. Let p = -959 - -960. What is j(p)?
18
Suppose 8*n - 3*n = 0. Let r = 83 - 81. Let s(i) = n*i**r - i**2 + 43 - 44 - 8*i. Give s(-6).
11
Suppose 84 = -15*r - 6*r. Let c(n) = -5*n - 5. Suppo